or of 25 and v?
25
Let a be 1 + 20/(35/7). Let j be a/(-1)*3*(-574)/42. Calculate the greatest common factor of j and 82.
41
Let n = 32075 - 32067. Let s be 69/15 - 4/(-10). Suppose -399 = -s*p + 121. Calculate the greatest common divisor of n and p.
8
Let u = -704 + 800. What is the highest common factor of 2784 and u?
96
Let z = -149 - -161. What is the greatest common divisor of z and 18588?
12
Let r(n) = 1079*n**2 - 11*n + 7. Let c be r(1). Calculate the greatest common divisor of 75 and c.
25
Suppose 21110 = 100*h + 3010. What is the highest common divisor of 1 and h?
1
Let y = -28835 + 29257. Calculate the greatest common factor of y and 16669.
211
Let v be 1 - (-6)/(-9) - (10829/(-21) - 18). Calculate the greatest common divisor of v and 138.
6
Suppose 5*l = -28 + 38. Suppose -l*y = -i - 191, -i = -4*y + 76 + 311. What is the highest common divisor of y and 28?
14
Let p(t) = 4*t**3 - 50*t**2 + 49*t - 22. Let d be p(14). What is the highest common divisor of 160 and d?
80
Let k = 28 + -11. Suppose -10*m - 819 = -k*m. Suppose 2*a + 4*h = 5*a - 55, -4 = h. What is the highest common divisor of m and a?
13
Let s(f) = -256 - 2*f**2 + 5*f**2 - 2*f**2 + 8*f + f**3 - 9*f. Let v be s(0). Let u be (2 + (v/(-20) - 4))*5. What is the greatest common factor of u and 12?
6
Suppose -11*n - 7540 = 4*n - 44*n. What is the highest common divisor of 580 and n?
20
Suppose 0 = 4*f + 1 + 3. Let m be (-1313)/(-143) - (f - 26/(-22)). Suppose m = b + 2. Calculate the greatest common factor of 63 and b.
7
Let p = 30 - -5. Let w = -587 - -589. Let u(z) = 7*z**2 - 7*z + 21. Let m be u(w). What is the greatest common factor of m and p?
35
Let o(j) = j**3 + 2*j**2 - 9*j + 2. Let p be o(-4). Let n(k) = 3*k + 30. Let q be n(p). What is the greatest common divisor of q and 108?
12
Let y = -9399 + 9401. Suppose q = 4*b - 304, -7*b = -2*b + 5*q - 380. What is the highest common divisor of b and y?
2
Let s be ((-483)/(-18) - 7) + 5/30. What is the greatest common divisor of 20 and s?
20
Let x be 7 - 58/4*-5*10/25. Calculate the highest common factor of x and 1143.
9
Let g(n) = 26*n**2 + 930*n + 168. Let a be g(-44). Calculate the highest common factor of 32 and a.
16
Let u be (210/40)/(2913/208 + -14). Calculate the highest common factor of u and 6708.
156
Suppose -2*i - 154 = -9*i. Let g(x) = -39*x - 7. Suppose 3*n + 15 = 6. Let s be g(n). What is the greatest common factor of s and i?
22
Let q = -793 - -805. Suppose -32 = -4*b - 0*b. What is the highest common factor of b and q?
4
Let l(k) = 4*k - 68. Let h be l(12). Let q be (h + 37)/(1/(-4)*-2). What is the highest common divisor of q and 578?
34
Suppose -3*f = 5*q - 25, 5*q - 30 = 4*f - 8*f. Suppose 10 = -q*b, t - 2*b = -t + 3208. Calculate the highest common divisor of t and 123.
123
Suppose 0*i + 25 = -5*i, 0 = f - i + 7. Let z be (-3)/f + 99/4. Let s be 8 - (39/(-18) + 10/(480/8)). What is the greatest common factor of z and s?
5
Let s be ((-14)/4)/(11/(-44)) - -5. What is the highest common factor of 6289 and s?
19
Let z = 994 + -991. Let x(o) = -o**3 + 17*o**2 + 18*o + 6. Let p be x(18). What is the greatest common divisor of p and z?
3
Let i be -9 - 27/(-3) - (-45 - (5 - 3)). Calculate the highest common divisor of i and 1081.
47
Let k = 536 + -551. Let o be -2 - k/((-90)/(-24)). What is the highest common factor of o and 158?
2
Let m(i) = -2*i - i**2 + 5 - 7*i + 4. Let j be m(-7). Let v = 314 - 153. What is the greatest common divisor of j and v?
23
Suppose 432 = -594*c + 602*c. What is the greatest common divisor of c and 3240?
54
Let s(z) = 2*z - 17. Let w be s(9). Let y be 1*(-33)/((-3)/w). What is the highest common divisor of y and 11?
11
Let q = 3433 - 2683. What is the highest common factor of q and 1200?
150
Let g = 567 - 555. Let y = 5 - 3. Suppose 0*b + y*b - g = -2*p, 5*p = -4*b + 27. Calculate the greatest common divisor of p and 15.
3
Suppose 3*n = -2*d + 283 + 155, n + 4*d = 136. Calculate the greatest common divisor of n and 4699.
37
Suppose 51*n - 244640 = 51415. Calculate the highest common factor of 945 and n.
135
Let t = -153 - -272. Let x = -89408 - -89457. Calculate the greatest common factor of t and x.
7
Let z(b) = -b**3 + 19*b**2 + 21*b - 17. Let m be z(20). Suppose -56 = -5*q - 2*v, 4*q + v - 34 = m*v. Calculate the greatest common factor of q and 590.
10
Let i(v) = 14*v - 460. Let h be i(0). Let p be 360/(-50)*h/8. Calculate the highest common factor of p and 54.
18
Suppose 16*q + 9171 = 76982 - 4563. Calculate the highest common factor of 402 and q.
67
Let w(r) = r + 14. Let g = -46 + 47. Let s = g + 5. Let t be w(s). Calculate the highest common factor of 60 and t.
20
Let r be 7/105*1385*6. Let l = -549 + r. Calculate the highest common divisor of l and 320.
5
Suppose 3*s + 6 = -2*a, 2*s = 3*a - s - 21. Let i(b) = -b**3 + 5*b**2 + 7*b - 14. Let t be i(a). What is the highest common factor of 35 and t?
5
Let o be (-88 - 18)*(-29)/2. Calculate the highest common divisor of o and 29.
29
Suppose 133 = 100*g - 81*g. Let h(n) be the third derivative of n**4/4 - 13*n**3/2 + n**2. Let u be h(g). Calculate the greatest common factor of u and 27.
3
Let a(l) = l**2 + l. Let b(m) = m**3 - 8*m**2 - 11*m + 6. Let j(v) = -2*a(v) - b(v). Let h be j(7). Calculate the greatest common divisor of 76 and h.
4
Let g(c) = -3*c + 2. Let d be g(4). Let f be ((-4)/d - 1)*(-14 + -11). Calculate the greatest common factor of f and 6.
3
Let u be (6/9)/((-3)/(-315)). Suppose -1029 = -3*p - 3*d, 0*p - 5*p + 1735 = d. Suppose 15*s = 102 + p. What is the greatest common factor of u and s?
10
Let u(a) = a**3 - 3*a**2 + 3*a. Let d be u(3). Suppose -8*v + d*v - 6 = 0. Suppose 2*q = -v + 8. Calculate the greatest common factor of q and 7.
1
Let c(g) be the first derivative of -17*g**2 + 51*g - 79. Let x be c(-12). Calculate the highest common factor of x and 51.
51
Suppose -47*b + 1867 = -50*b - s, -3*s - 1240 = 2*b. Let a = b - -630. What is the highest common factor of 70 and a?
7
Suppose 9400 = 13*u - 13064. Calculate the greatest common factor of 108 and u.
108
Let m be (-12)/21*9*((-2841)/9 - -3). What is the highest common divisor of m and 24?
24
Suppose 0 = -2*i, -10*t + 4*i - 11 = -11*t. Suppose t*q - 26*q = -525. What is the highest common factor of 30 and q?
5
Let r = -2122 - -2138. What is the highest common factor of 512 and r?
16
Let u(h) = 15*h**2 - 50 + 2*h - 14*h**2 + 15*h + 12. Let a be u(17). Suppose 4*m + 6*m - a = 0. Calculate the highest common divisor of 18 and m.
18
Let g(p) = 29*p + 167. Let z be g(-5). Suppose 20 = 4*f, -h + 2*h + 4*f = 32. Calculate the highest common divisor of h and z.
2
Let m = -3700 - -3719. Calculate the greatest common divisor of m and 12559.
19
Let z = 6042 - 4827. Calculate the greatest common factor of z and 15.
15
Let a(w) = 2*w**3 - 22*w**2 + w + 21. Let r be a(11). What is the greatest common divisor of 5792 and r?
32
Let n = 52229 + -35169. What is the highest common divisor of 20 and n?
20
Let z = 187 + -121. Let g be ((-10)/(-8))/(155/1364). What is the greatest common divisor of z and g?
11
Let y(j) = 238 + j**3 + 12*j + 12*j**2 - 229 - 2*j. Let c be y(-6). Calculate the greatest common divisor of 30 and c.
15
Suppose 0 = 5*b - 3*b - 48. Let h(v) = -v + 26 + 7 + 10. Let t be h(b). What is the highest common factor of 247 and t?
19
Let c be (0 + 15/(-6))/(2/(-4)). Suppose 212 + 280 = -4*x + 3*u, -5*u + 615 = -c*x. Let w = 45 - x. Calculate the highest common factor of w and 21.
21
Let i(o) = -o**3 + 60*o**2 + 111*o + 811. Let x be i(62). Calculate the highest common factor of x and 3735.
5
Suppose 40*u + 25249 = -2411 + 215260. Calculate the highest common divisor of 70 and u.
70
Let k(f) = 5 - 3*f - 14 + 2*f. Let q be k(-13). Suppose 2*s + 30 = 2*h - 3*s, 46 = q*h - 3*s. Calculate the greatest common divisor of h and 80.
10
Let a = -6 - 8. Let z be 4/a + 1278/63. Let h(c) = 2*c**3 - 68*c**2 - 66*c - 110. Let d be h(35). What is the greatest common divisor of z and d?
10
Suppose -3*j - 1760 = -1781, 3*g - 188 = -2*j. What is the greatest common factor of 20 and g?
2
Suppose -7*b = -4*b - 357. Suppose 4*i - 49 = b. Let n be (-2)/(-6) - 628/(-6). What is the highest common divisor of i and n?
21
Let p be (1/2)/((-21)/42). Let k be 2/(p + 0) + 5 + 81. What is 